**4 + x**2. Give r(-4).
-7
Suppose -o - 1 = -3*c, -4*o + 11 = -3*o + 3*c. Suppose 3*j + o*v + 324 = 0, 117 - 9 = -j - v. Let l = -100 - j. Let m(q) = -q**3 + 9*q**2 - 12*q + 4. Give m(l).
-28
Let j(t) be the third derivative of t**5/60 + t**4/3 - 3*t**3 + 5*t**2. Let v be j(-10). Let x(b) = b - 2*b + 4*b - b - b**v. Give x(5).
-15
Let y(z) = -17*z - 356. Let w be y(-22). Suppose -6*n - 18 = w. Let d(f) be the third derivative of f**4/24 + 7*f**3/6 + f**2. Give d(n).
1
Let w(i) = 98*i**2 + 35*i - 35. Let a(t) = -11*t**2 - 4*t + 4. Let j(g) = 35*a(g) + 4*w(g). Let f(s) = s**3 - 4*s**2 - 3*s + 11. Let z be f(4). Calculate j(z).
7
Let d(o) be the third derivative of -o**5/60 + o**4/24 - o**3/6 - 102*o**2 - 2*o. Let c = 25 - 23. Give d(c).
-3
Let s(n) be the first derivative of -n**2/2 - 11. Let h(b) = 2*b + 1. Let w(m) = -h(m) - 3*s(m). What is w(3)?
2
Let b(n) be the first derivative of n**4/4 - 2*n**3 + 5*n**2/2 - 5*n - 3. Let x = 4 - -13. Let i(v) = v**2 - 17*v + 5. Let t be i(x). Give b(t).
-5
Let t = 69 + 84. Let y = 167 - t. Let x(o) = o - 12. Give x(y).
2
Suppose -2*b - 688 = 3*b - 2*i, -4*b - 549 = -3*i. Let z = 136 + b. Let q(o) = 2*o**2 + 4*o + 2. Determine q(z).
2
Let r(k) = 5*k**2 + 3*k**2 - 19 + 18. Suppose -y - u + 1 = 0, 3*y = u - 2 - 3. Determine r(y).
7
Let t = 24 + 18. Suppose 0 = 3*v - 6*v + t. Suppose 13*l - v*l = 3. Let r(f) = -3*f**2 - 4*f. Determine r(l).
-15
Let i(r) = 14*r + 3. Let y(l) = -l - 1. Suppose 0 = -25*f + 93 + 57. Let b(p) = f*y(p) + i(p). Suppose -4*o + 3*h = 4*h - 15, 9 = 3*h. Give b(o).
21
Let k(j) = j**2 - 17*j + 21. Let i be k(16). Suppose z + i*d + 1 - 7 = 0, -5*z = 2*d + 16. Let f(h) = -2*h**2 - 10*h - 2. What is f(z)?
6
Let g be (-7 - -11 - (4 - -1)) + (23 - 24). Let l(t) = t - 1. Let r(m) = -5. Let y(o) = -3*l(o) + r(o). Calculate y(g).
4
Let u(p) = 7 - p**2 - 2*p - 17*p + p + 1. Let v be u(-18). Suppose 5*a - v*a + 3 = 0. Let r(j) = -10*j. Determine r(a).
-10
Let v = 31 + -28. Suppose 3*c + 11 = 2*b, -v*c + 8 = 5*b - 4*c. Let s be (b/(-3) - -2)*-3. Let i(y) = -y**3 - 6*y**2 - 5*y + 4. What is i(s)?
4
Let t(h) be the second derivative of -4/3*h**3 + 0 - 3/4*h**4 - 1/20*h**5 + 38*h + 11/2*h**2. What is t(-8)?
11
Let b(o) = -2*o**2 - 2*o + 1. Let t be b(-3). Let i(k) = 13*k + 27. Let q(v) = 13 + 17*v + 10*v + 44 + v. Let a(h) = 13*i(h) - 6*q(h). Give a(t).
-2
Let c(q) = 1413*q**3 - 715*q**3 - 3 - 6*q**2 - 699*q**3 + 0 - 6*q. What is c(-4)?
-11
Let d(x) = -5*x + 25. Let h = -1164 - -1172. What is d(h)?
-15
Let r = -2619 + 2621. Let s(t) = -t**2 + t + 1. What is s(r)?
-1
Let n(f) = 3*f**3 - 2*f**2 + f - 3 + 2*f + 1. Let d(w) = w**3 + 64*w**2 - 1098*w - 467. Let i be d(-78). Calculate n(i).
2
Let a(r) = 2*r**2 - 8 - 8 - 27 - 4*r**2 + 4*r + 42. What is a(0)?
-1
Let l(w) = 7*w - 9*w + 9*w**2 + 5*w**3 - 4*w**3 - 8. Let f be l(-9). Let y be 4/(-8)*-5*36/f. Let z(u) = -u - 11. What is z(y)?
-20
Let q(a) = -42 + 15*a**2 + 38*a - 19*a**2 + 18*a**2 - 12*a**2. Determine q(-17).
-110
Let s(i) = -i**3 - 5*i**2 - 4*i - 1. Let w = 4833 - 4839. Calculate s(w).
59
Let l(o) be the first derivative of o**4/4 - 5*o**3/3 - 3*o**2 - 7*o - 2391. Calculate l(5).
-37
Suppose w - 5 = 4. Let o be 1/((-3)/w) + -3. Let d(l) = l**2 + 4*l. Let b(u) = -5*u**2 - 18*u - 8. Let n(h) = -b(h) - 6*d(h). What is n(o)?
8
Let y = -14135 - -14133. Let l(m) = -m**3 - 4*m**2 + 3*m + 14. Give l(y).
0
Let r(k) = k**3 - k - 7. Let b(f) = f**2 - f - 42. Let x be b(7). Suppose x = -2*v + 7*v - o - 5, 5*o + 25 = v. Give r(v).
-7
Let q = -1 - -4. Let h(p) = -4 + 3*p**3 - 5*p**3 + 3*p**2 + p**3 + p + 2*p + 0. What is h(q)?
5
Let f(b) be the first derivative of -b**3/3 + 3*b**2/2 + b + 17. Suppose 3*g - g = 5*h - 21, 2*h - 4*g - 2 = 0. Calculate f(h).
-9
Suppose 2*q - 4*f + 8 - 22 = 0, -32 = -2*q - 2*f. Suppose n - 3*g + 7*g + 1 = 0, -q = -4*n + g. Suppose 12*d - 9*d = -n. Let x(a) = -7*a - 1. Calculate x(d).
6
Suppose -r - 3 + 8 = 0. Let c(n) be the third derivative of 7/6*n**3 + 0*n - 96*n**2 + 1/15*n**5 + 1/8*n**4 + 0 - 1/120*n**6. Calculate c(r).
-3
Let a(q) = 3*q - 30. Let j(s) = -3*s + 40. Let v(n) = -6*a(n) - 5*j(n). What is v(-5)?
-5
Let o(p) be the third derivative of -p**8/3360 + p**6/720 - p**5/120 + 5*p**4/12 - p**3/3 - 55*p**2. Let r(h) be the second derivative of o(h). What is r(1)?
-2
Let s(f) be the second derivative of 3*f**4/4 - f**3/3 + f**2 + 334*f. Give s(-1).
13
Let q(s) be the first derivative of 3*s**2 - 67*s - 101. Let i be q(10). Let b(m) = -m - 11. Calculate b(i).
-4
Let l(k) = -k**3 + 10*k**2 - 12*k - 11. Let r be l(9). Let z = r - -43. Let f(c) = 108*c**2 - 110*c**2 + 3 + 4*c + 0 - c**3 - z. Calculate f(2).
-10
Suppose -17*r + 12 = -13*r. Let m(q) = 20 - 32 + 6 + r*q. Calculate m(5).
9
Let j be (0 - -1)/(-1 - -2) - -3. Suppose -4*m + 5*m + j = 0. Let a(y) = -2*y - 5 - 9 + 15 - y**3 - 4*y**2. Calculate a(m).
9
Let p(l) = -78*l**2 + 6*l + 7. Let o(t) = -11*t**2 + 1. Let w(n) = 7*o(n) - p(n). Calculate w(1).
-5
Let i(j) = -46 + 35 + 388*j - 380*j. What is i(2)?
5
Let n = 8 + -7. Let m(k) = -n - 5*k + 10*k - 2*k. Give m(4).
11
Let r(u) = 20 + 34 + 118 + 16*u + 47. What is r(-14)?
-5
Let w(q) = q**3 - 20*q**2 + 93*q - 18. Let b be 24 - (396/(-108))/(1/(-3)). Determine w(b).
8
Let d(b) = b - 308. Let m be d(0). Let r = m - -309. Let s(q) = 33*q**2 - 2*q + 1. Determine s(r).
32
Let m(c) = 14*c**3 - 2*c**2 - c - 7. Let v(j) = 12*j**3 - j**2 - j - 6. Let f be ((-75)/(-30))/(1/(-2 - 0)). Let l(z) = f*v(z) + 4*m(z). Determine l(2).
-40
Let i(m) be the second derivative of m**3/3 - m**2/2 + 2*m + 23214. Let o(q) = -q - 3. Let z be o(0). Let u = -5 - z. Calculate i(u).
-5
Let q(a) = -a**3 + 20*a**2 + a + 4. Let u be 14/5*(-1)/(112/(-800)). Calculate q(u).
24
Suppose 5*x - 4 = 26. Let f(l) = 8*l + 15. Let n(r) = -r - 1. Let v(k) = x*n(k) + f(k). Give v(-9).
-9
Suppose -41*w - 10 = -42*w. Let i be ((-4)/2)/(12 - w). Let d(n) = -12*n**2. What is d(i)?
-12
Let f(a) = 2*a**2 - 4*a + 4. Let l be f(3). Suppose 4*z + l = -2. Let y(p) be the first derivative of -p**3/3 - 3*p**2/2 - p + 1. Determine y(z).
-1
Suppose -4*h - 62 + 30 = 0. Let g(n) = -3. Let c(r) = -r - 18. Let z(d) = c(d) - 4*g(d). Give z(h).
2
Suppose -3*v - 47 = -2*d, 4*d = d + v + 60. Let o(t) = 4 - 3 + t - d. What is o(10)?
-8
Suppose -t - 5 = -5*q, -2*q + t = 4*t + 15. Let f(i) = q*i**2 + 8*i + i**2 - 7 - 7*i**2 + 5*i**2. Let b be 2 - 0 - (-1 - 4). What is f(b)?
0
Let g(k) = -290 - 4*k + 868 - 290 - 295. Determine g(3).
-19
Let j = 49 + 559. Let n = j + -607. Let d(m) = 0*m + 0*m**2 - 1 + m - 3*m**2. Give d(n).
-3
Let s(g) = -g + 4. Let b be s(-16). Suppose 14*y + b = 19*y. Let k(w) = w**2 - 4*w + 5. Give k(y).
5
Suppose 24382*f - 24414*f - 192 = 0. Let n(w) = 2*w**2 + 15*w + 19. Determine n(f).
1
Let v(u) be the third derivative of -u**6/120 - u**5/60 + u**4/2 - 4*u**3/3 + 10*u**2 - 3*u - 28. Determine v(5).
-98
Let p = -3250 + 3250. Let f(r) be the second derivative of p + 0*r**3 + 9*r - 1/6*r**4 + 3/2*r**2. What is f(3)?
-15
Let c(l) = -l**3 + 4*l**2 - 2*l + 3. Suppose -2*o + n = o - 9, 0 = o + 2*n - 3. Suppose 133*b = 134*b - o. Give c(b).
6
Let p(w) be the first derivative of -w**3/3 - w**2/2 - 5*w - 1. Suppose -n = -2*t, -5*t + n + 2 = -t. Let g be ((-8)/2 - (-7 - -3))/t. Calculate p(g).
-5
Let g(c) be the third derivative of -c**6/120 - 2*c**5/15 - 5*c**4/24 - 13*c**3/6 + c**2 + 113. Calculate g(-7).
-27
Let f(x) = 16*x + 12. Let b(m) = 5*m + 4. Let v(j) = -7*b(j) + 2*f(j). Let s be v(-3). Let o(k) = 9 - 5*k**2 - 3 + k**3 + 11 - 16. Give o(s).
1
Let z be (19/57)/(2/48). Let p(l) = -l**2 + 16. Calculate p(z).
-48
Let x be (174/24 - 8)*(0 + 4). Let v(i) = 2*i + 2. Calculate v(x).
-4
Suppose 93*u + 11 = 197. Let g(w) = -28*w + 50. Give g(u).
-6
Let r(i) = 19*i**3 + 66*i**2 - 67*i - 102. Let d(q) = -9*q**3 - 34*q**2 + 30*q + 51. Let p(f) = 13*d(f) + 6*r(f). Give p(-15).
6
Let b(x) = -x**3 - 27*x - 6 - 8593*x**2 + 8*x + 8574*x**2. Calculate b(-18).
12
Let z(d) be the second derivative of d**3 + 17*d**2/2 + 1693*d. What is z(-6)?
-19
Suppose 14 - 2 = 4*a. Let b(q) = -q + q + 88 - 43 - 43 - 5*q. Calculate b(a).
-13
Suppose 113 - 101 = 2*w. Let v(s) = -s**2 - 32*s + 226. Let k be v(w). Let n(r) = r**3 - r**2 + 2*r + 3. Calculate n(k).
-13
Let z(d) = 4*d**2 - 1. Suppose -549 = -18